 -83 - 654. Let t = -2261 - i. Let g = t - -2275. Is g a prime number?
True
Suppose 3*v = -20 + 29. Suppose v*l + 1195 = 8*l. Is l a composite number?
False
Let t be (3 - 2)*2/1. Let y be (-29 - -28)/((-2)/4). Suppose -y*w - t*w = -28. Is w prime?
True
Suppose -p = -4*z + 8801 + 11867, 2*p = 5*z - 25835. Is z composite?
False
Let u(l) = -2*l**2 + 4*l. Let o be u(1). Suppose 0*f - 1498 = -o*f. Is f composite?
True
Suppose 19*r + 67881 = 308630. Is r composite?
False
Is 3*((-3)/(-6) - (-35817)/18) composite?
True
Let s(g) = -g - 15. Let u be s(-12). Let h = -2 - u. Is -118*3/(h*-6) a prime number?
True
Suppose 32415 = -5*m + 20*m. Is m prime?
True
Suppose c + 32059 = 2*c + b, 0 = -c + 5*b + 32071. Is c a composite number?
True
Let j = 15 - 17. Let h be (-4)/8*2*j. Suppose h*c = v + 216, 2*c - 3*v = 149 + 63. Is c composite?
False
Let d be (0 - 0) + -1*2. Let p be -2*(-5 + d + 4). Suppose -5*b - 2*o + 1455 = 0, -1152 = -p*b + 2*b - 4*o. Is b prime?
True
Let a be (-208)/24*201/(-2). Suppose -a - 618 = -3*b + 2*p, -5*p = -5*b + 2490. Is b composite?
True
Let h(f) = 195*f + 12. Let u be h(11). Suppose 2185 = i + 5*y, y = -i + 3*y + u. Is i prime?
False
Suppose 0 = 19*i - 68*i + 141757. Is i prime?
False
Let h(f) = -2*f**2 - 13*f - 3. Let i be h(-6). Suppose 0 = -2*u - d + 662, -1324 = -u - i*u - 5*d. Is u a composite number?
False
Suppose 3*o + u + 0*u = 14, 4*o + 5*u = 37. Suppose -o = -0*v - v. Let s(q) = 4*q**2 + q - 4. Is s(v) a composite number?
True
Let t = -290 - -851. Suppose 0 = 5*d - t - 1134. Is d composite?
True
Suppose r + 337 = 2*g - 159, 0 = g + 3*r - 248. Suppose -3*o + b = -g - 183, -4*o + 4*b = -572. Is o + 0 - (-5 - -6) a composite number?
True
Let p(s) = 163*s**2 + 2*s + 3. Let d be p(3). Suppose -4*w - d = -y, 2*w + 7416 = 5*y - 0*w. Suppose y = g + 3*g. Is g composite?
True
Is -6 + 114872/56 - (-2)/(-7) a prime number?
False
Let p be (-1)/(268/(-68) - -4). Let s = p - -76. Is s composite?
False
Suppose 0 = i - 3*v + 90, -v = -i - 118 + 24. Let s = i - -201. Let d = s - 47. Is d composite?
True
Let w be 2 - (3 - (3 + -3)). Let f(c) be the third derivative of 29*c**5/20 + c**2. Is f(w) a composite number?
True
Let t = -2 - -4. Suppose -t*x + 512 = -3*q - 393, x = -3*q + 448. Is x a composite number?
True
Suppose 594537 = 5*t + 2*m, 0 = -5*t - 4*m + 3*m + 594541. Is t prime?
False
Let m(a) = 66*a. Let n be m(-2). Let j = -386 - n. Let s = -111 - j. Is s composite?
True
Suppose 2*i + 1274 = 5472. Is i prime?
True
Is ((-20823)/(-9) - -2)/((-4)/(-12)) prime?
True
Suppose -v - 2*v = -5*m + 18415, m + v = 3683. Is m composite?
True
Suppose 12 = 4*o, -5*l - 87*o = -86*o - 97208. Is l prime?
True
Let n(t) = 1910*t + 171. Is n(13) a prime number?
False
Suppose -25 = x - 6*x - 3*j, 5*j = -3*x + 15. Suppose -x*v + 0*v = -5. Is 1041/(-3)*(v - 2) a prime number?
True
Let c(z) be the second derivative of z**4/4 - 17*z**3/3 + 29*z**2 - 8*z. Is c(23) prime?
True
Let a = 44 - 40. Suppose 6252 = 10*k - a*k. Is k a prime number?
False
Suppose 164659 = 5*f + 6*f. Is f prime?
True
Let o(h) be the first derivative of -1/2*h**2 + 1/3*h**3 - 1 - 15*h. Is o(11) a prime number?
False
Let f = 593 - 358. Let v be (f/(-20))/(1/(-52)). Suppose -v = -5*j + 644. Is j composite?
False
Let t(h) = h**3 + 8*h**2 + 7*h + 1. Let g be t(-7). Is (8/(-12))/(g/(-21)) prime?
False
Suppose 2*u - 7593 + 1871 = 0. Is u a composite number?
False
Suppose 5*y + d = -2876, -4*y + 423 = 4*d + 2727. Let f = y + 990. Is f a composite number?
True
Suppose -a + 4 = -5*t, -a + 4 = 2*t - t. Suppose -a*q + 4*r = q - 6, -4*q - 2*r = -10. Suppose -2*p = -d - 582, p - 2*d = q*p - 301. Is p prime?
True
Suppose 3*g + 3*z - 15 = 0, -3*g + 4*g - 5*z = -25. Let t(n) = n + 1383. Let u be t(g). Let k = u - 748. Is k a prime number?
False
Let m(x) = -x**2 - x + 5. Let u be m(0). Suppose 0 = v + 3*v + u*g - 11, g + 1 = 0. Suppose 2*h = v*h - 422. Is h composite?
False
Let w = 9 + 10. Let v = -30 - -30. Suppose 5*r + 3*f - w - 4 = v, 4*f - 12 = -4*r. Is r a composite number?
False
Let z(s) = -143*s**3 - 21*s - 17. Is z(-3) prime?
True
Suppose -2*b - 3996 = -11*b. Let d = b - 317. Is d a prime number?
True
Let y be (74/(-1)*4/(-8))/(-1). Is (3 - y) + (2 - -1) a prime number?
True
Suppose -2*i + 0*i = -3*x + 567, 0 = -2*x - 4*i + 394. Is x a prime number?
True
Let x(z) = 137*z**3 - 6*z**2 - 14*z + 14. Let d(b) = 46*b**3 - 2*b**2 - 5*b + 5. Let k(n) = -17*d(n) + 6*x(n). Let o be k(2). Let l = o + -95. Is l prime?
False
Let c(d) = -d**2 - 9*d + 50. Let l be c(-14). Is 3*2/(-15) - 11468/l composite?
True
Suppose 2287 = 3*z - 4*s, 2*z = 4*z - 2*s - 1526. Suppose 6*p - z = 4269. Is p prime?
True
Let c(t) = 400*t + 9. Is c(11) a composite number?
False
Suppose -10 = -5*a, a + 2*a = -4*o - 6. Let h be -109*o/3 - -2. Is -1 + 4 + h + 1 a prime number?
False
Let h(y) = y**2 + 3*y - 10. Let f be h(-5). Let p(n) = -n + 1245. Let r be p(f). Suppose -6*u - 4*a + 747 = -3*u, -5*u - a = -r. Is u composite?
True
Let z be 2/6 - 0 - (-15)/9. Is (1 + (-250)/(-4))/(1/z) prime?
True
Let d = -49 + 233. Let u = -122 + d. Suppose 4*z - 2*z = u. Is z a composite number?
False
Suppose 0 = 4*x - 0*x. Let r be x - -10 - (-20)/(-5). Let q(j) = j**3 - j**2 - 2*j + 9. Is q(r) a composite number?
True
Suppose r + 11 = 5*l, 0*l - 3*r = 3*l - 3. Suppose -2*j - l*j + 627 = -5*a, 4*a + 469 = 3*j. Is j a prime number?
True
Let o(l) = l**3 + 5*l**2 - 8*l - 11. Let u be o(-6). Is (518/28)/(u/2) a prime number?
True
Suppose -3*x + 16 = x, 0 = o - 2*x - 750. Let z = o + 1191. Is z composite?
False
Suppose 31681 = 3*q - 5*z + z, z = -2*q + 21117. Is q prime?
True
Is (4/(-14 + 6))/(1/(-24878)) a prime number?
False
Let y(t) = t**3 - t**2 - 10*t - 17. Let h = -19 + 33. Let l be y(h). Is l*(21/9 + -2) a prime number?
True
Suppose 0 = -4*p - 5*t + 37, -2*p + 12 = -3*p + 3*t. Suppose o + 1216 = i, 0 = 4*i - 3*i + p*o - 1216. Is 13/39 + i/6 a prime number?
False
Suppose 0 = q - 4 - 0. Suppose -r + 3*a = -20 - 0, 0 = 4*r + 4*a. Suppose -3*y + 4*x + 633 = 0, -r*y - q*x + 406 = -649. Is y composite?
False
Let y(g) = 4646*g**2 - 25*g - 10. Is y(-3) a prime number?
True
Let j = 0 - -8. Is -1 + 14414/j - (-1)/4 a composite number?
False
Suppose -4*p = -3*p - 43151. Is p prime?
True
Is (-2 - 14/(-6))*17757/3 composite?
False
Let p be -1*0*(-1)/(-2). Suppose 0 = -4*g - 3*n + 1 - 2, -4*g + 5*n + 23 = p. Suppose v - 469 + g = 0. Is v composite?
False
Suppose -s = 2*w - 30076, 0*s = -s + 2. Is w prime?
False
Suppose -45*c + 38*c + 37079 = 0. Is c a prime number?
True
Let m = -243 - -2794. Is m a prime number?
True
Suppose y + 5 = 5*v - 11, 4*v + y - 11 = 0. Suppose 3*r = -v*r + 1842. Is r a composite number?
False
Suppose 3*l - 5424 - 402 = 0. Is l a composite number?
True
Let t(v) = 163*v - 4. Let h be t(3). Let f = -282 + h. Is f a composite number?
True
Let o(l) = 3*l. Let j be o(1). Suppose 3*d + f - 33 = 4*f, j*f = -15. Is (d/(-3) + 1)*-86 composite?
True
Suppose 4 = 5*p - 56. Suppose 9*o - p*o = -11085. Is o prime?
False
Let x be (6/(-3))/2 - 153. Let t = 265 + x. Is t a composite number?
True
Suppose 2*t - 2*j - 258 - 250 = 0, -5*j + 236 = t. Suppose t = -3*v + 4*v. Is v a composite number?
False
Let q = -24 - -34. Let g = q - -631. Is g prime?
True
Suppose -3*c - 2*c = 0. Suppose 0 = -c*k + 5*k - 50. Let t = 29 - k. Is t a composite number?
False
Is 4*40/(-400)*(-105005)/2 composite?
False
Let b = 484 - -430. Is b a composite number?
True
Let b(i) = -i**3 + 5*i**2 - 4*i - 1. Let n be b(2). Is (0 + -2 + n)*887 a composite number?
False
Let x(l) be the first derivative of -14*l**2 - l + 1. Let s be x(-4). Suppose 0 = -4*m - s + 707. Is m a composite number?
False
Suppose -8*q + 4*q = 4*o + 4, q = o + 3. Is (o/(-2))/(20/8380) a prime number?
True
Let a(l) = 283*l - 184. Is a(33) a composite number?
True
Let f(h) be the third derivative of h**4/8 + h**3 - 6*h**2. Let x be f(-3). Is 1/x - (-388)/3 prime?
False
Let n(v) = 1545*v + 65. Is n(4) prime?
False
Suppose -13664 = g - 2*g - 5*o, -2*g = -2*o - 27292. Is g prime?
True
Suppose -6518*d + 6516*d + 12998 = 0. Is d prime?
False
Let z(a) = a**2 + 2*a. Let r be z(-3). Suppose v = r*v - 810. Suppose -3*l + 286 - 41 = 4*m, -v = -5*l - 5*m. Is l a prime number?
True
Suppose 106 = -4*o + 2*b, -5*b + 49 = -4*